e
Suppose 0 = 3*y - 9, 2*l + 2*y + 2437 - 83001 = 0. Is l a prime number?
False
Suppose -2*o - 2*y + 59860 = 0, -2*y = 13*o - 19*o + 179604. Is o composite?
True
Let l(a) = -158393*a**3 - 11*a**2 - 10*a + 13. Is l(-2) composite?
True
Let b(s) = 24 - 71*s + 34*s + 36*s. Let q be b(20). Suppose -4*t + 3*x + 819 = 0, 2*t - 319 = q*x + 103. Is t a prime number?
False
Suppose -304876 = 25*h + 70074. Let a = 27147 + h. Is a a prime number?
True
Let c(n) = n**3 + 15*n**2 + 21*n + 24. Suppose -4*m - 105 = 3*m. Let s be c(m). Is s/(-3) + (-5 - -2 - -1) composite?
True
Let c(d) = 32*d**3 - 2*d**2 - 5*d + 13. Let p(s) = 32*s**3 - 2*s**2 - 5*s + 13. Let a(r) = 6*c(r) - 5*p(r). Is a(6) composite?
False
Suppose -1831603 = -16*q + 716989. Is q prime?
True
Let y be ((-1243)/22)/(2/(-796)) + 4. Suppose -10 = -2*x, 2*k + 0*k + 5*x - y = 0. Is k a composite number?
True
Suppose -4*z - 2*a = 10, 3*z + 3*a = -10 + 1. Is 3*z/33 - (-149665)/55 a composite number?
True
Is (-639400)/(-6) - 1 - 920/1380 prime?
False
Let q = 1698 + 595. Is q prime?
True
Suppose -3*y - 14 = 2*h, -9 = -4*y - 3*h - 29. Is 4/(-30) + ((-3373576)/(-120) - y) prime?
False
Let h(m) be the first derivative of m**7/120 + m**5/30 - 5*m**4/24 - 4*m**3 - 13. Let y(d) be the third derivative of h(d). Is y(6) a prime number?
True
Let h(b) = b + 5. Let c be h(-5). Let w(r) = r**3 - r + 210*r**2 + 2 - 419*r**2 + 210*r**2. Is w(c) prime?
True
Suppose -4*c = c + 3*w - 1194, -c + 243 = 2*w. Let y be (-24)/(-36)*(3 - 0). Suppose -390 = -y*d + 2*z, -c = -3*d + 2*z + 344. Is d a prime number?
True
Let t = -411 - 0. Let z = t - -1100. Is z a prime number?
False
Suppose 367 = -f - 6270. Let b = -3490 - f. Is b a composite number?
True
Let d(n) = -2048*n**2 + 10*n + 10. Let r(j) = 1025*j**2 - 5*j - 5. Let k(m) = 2*d(m) + 5*r(m). Is k(-2) prime?
False
Suppose -42485 = -5*u - 3*y, 5*y - 12603 = -2*u + 4391. Is u prime?
False
Suppose -15 = 2451*t - 2456*t. Suppose 8 = -10*g + 14*g, -3*g = -t*p + 17853. Is p a prime number?
True
Let k(p) = 7*p + 37. Let d = 13 - 8. Suppose -3*x + 5*t + 63 = 0, -40 - 55 = -d*x + 5*t. Is k(x) a composite number?
False
Suppose 0 = -35*o + 313716 + 500489. Is o composite?
True
Let h(z) = 237*z + 2707. Let k be h(-6). Let r(c) = c**3 - c - 704. Let t be r(0). Let d = k + t. Is d prime?
False
Let x(u) = -496*u**2 - u - 8. Let d(y) be the first derivative of -991*y**3/3 - 3*y**2/2 - 17*y + 29. Let v(z) = 6*d(z) - 13*x(z). Is v(1) prime?
True
Suppose -19*y - 306340 = -1624389. Is y a composite number?
False
Let u = 9595 + -5426. Is u a composite number?
True
Suppose c = 10143 + 2476. Let t = c - 7710. Is t composite?
False
Let o be (-4096582)/70 + (-6)/(-10). Is (-16)/(-12) - 6/(36/o) composite?
True
Suppose -479470 = -47*k + 1809571. Is k composite?
True
Suppose 3 = -q - 3*k, 2 = -4*q + 2*k + 18. Suppose 2 = -q*v + 23. Suppose -4302 = -v*u + u. Is u a prime number?
False
Let s(x) = -6*x**2 - 8*x + 2. Let a be s(-5). Let u = -109 - a. Is (3980/(-6))/u*138/92 composite?
True
Suppose -7336 = -k + 1123. Is k a prime number?
False
Let n be 39 + (-8)/2 - 4. Suppose 14328 = n*g - 1823. Is g a composite number?
False
Suppose 465424 + 166783 + 88675 = 174*j. Is j prime?
False
Is (-1056116)/(-6) + -2 + (-36)/108 prime?
True
Let i(q) = 67287*q**3 - q**2 + 2*q. Let n be i(1). Suppose -4*x + n = 4*x. Is x composite?
True
Let r(l) = -2*l - 7. Let y be r(-2). Is ((2 + -26790)/(-2) - 0) + y a composite number?
True
Suppose -4*u + 2*u - t = -454, -3*t = -4*u + 898. Let x be ((-2 - (2 - 3))*u)/1. Let d = 371 + x. Is d a prime number?
False
Suppose -6*c + 4*y + 5336 = -3*c, 4*y + 7116 = 4*c. Suppose 0 = -8*v + 3*v + c. Suppose -3*d + v = d. Is d a composite number?
False
Suppose 95*d = 30*d + 82532515. Is d a prime number?
True
Let a = -47 + 52. Suppose 5*u + 223 = -5*g - 167, a*u = 2*g + 142. Let i = g + 179. Is i a composite number?
False
Let b be 78/12*2*1. Suppose b*a - 12*a = -459. Let d = a - -842. Is d prime?
True
Let j(h) = 1647*h - 824. Is j(33) prime?
True
Suppose 3*s = -s + 4, -4*y + 2*s + 2 = 0. Suppose -5*g - y = -6. Is ((-18)/12 - -1)/(g/(-2174)) a prime number?
True
Let s = 13 - 11. Suppose 323 = c - 0*k - s*k, c + 3*k = 343. Is c composite?
False
Suppose 32 = -8*p + 12*p. Suppose -p*t = -7*t - 16. Is (-8)/12*6/t*-3644 a composite number?
False
Let x = 5743 + 15217. Suppose 9*u + x = 4*y + 5*u, 2*u = -2*y + 10500. Is y a composite number?
True
Let v = -26570 + 47481. Is v a prime number?
False
Let z(h) = 331*h**2 - 4*h + 3. Suppose 4*r + 0*w - 4*w + 4 = 0, -2*r + w - 2 = 0. Let v(c) = c**2 - 3*c - 2. Let o be v(r). Is z(o) prime?
True
Let k(q) = -33*q**2 - 5. Let h be k(5). Let s be (-1 - 2)/3 - h. Suppose -2*r + s = -633. Is r prime?
False
Let o be ((42/12)/(-7))/(1/226). Let b = -7 - o. Is b composite?
True
Let x = 145123 - 94142. Is x a composite number?
True
Suppose -6*i + 3774 = 64596. Is 24/(-60) + i/(-5) prime?
True
Let v be 1 + ((-22)/55 - (-2)/5). Let b(f) = 983*f**3 - 3*f**2 + 2*f - 1. Let k be b(v). Suppose -m - 436 = -2*q + k, -710 = -q - m. Is q composite?
False
Let u = -44 + 45. Let o be 255/(-2) + (2/4 - u). Let v = -1 - o. Is v a prime number?
True
Let y(c) = 2180*c + 257. Let w(x) = 1087*x + 129. Let j(a) = 5*w(a) - 2*y(a). Is j(9) composite?
True
Suppose s + 3*s = 80. Suppose 15*m + 39555 = s*m. Suppose i = 10*i - m. Is i a prime number?
False
Let b(h) be the second derivative of -12*h**5/5 + 5*h**4/12 - h**3/2 + 19*h**2/2 - 102*h. Is b(-5) prime?
False
Is 2825299 + (-112)/(-16)*-2 composite?
True
Let n be ((-721)/3)/(582/144 + -4). Let c be 2/(-7) - 117954/(-14). Let k = c + n. Is k composite?
False
Let b be 16/40 - (-552)/(-5). Suppose 25*u + 495 = 28*u. Let o = b + u. Is o a composite number?
True
Let g(s) = 3*s**2 - 5*s. Let y(k) = -3*k - 1. Let a be y(-1). Let p be g(a). Suppose -p*u - 2104 = -6*u. Is u a prime number?
False
Let n(o) = o**3 - 10*o**2 + 10*o - 6. Let y be n(9). Suppose -1 = -x + y*j, 5*x = 5*j - 0 + 15. Suppose t - 79 = -5*w, -x*w - 347 = -5*t + 48. Is t prime?
True
Let l = 58640 + -15981. Is l prime?
False
Let z(k) = -3*k - 3. Let o be z(-1). Is (-4)/(-2) + o + 585 a composite number?
False
Suppose 13*a - 5*n = 16*a - 980201, -a = -5*n - 326747. Is a a composite number?
False
Let u be -2 + 11/(-22)*(29 + -1). Let h = -26 + u. Is h/(-35)*(-255)/(-6) composite?
True
Let p(q) = 478090*q**2 - 20*q - 23. Is p(-1) a prime number?
True
Let t = 426020 + -298405. Suppose 54*c - t = 49*c. Is c composite?
False
Suppose x + 349 = 357. Let k(g) = 542*g - 29. Is k(x) a composite number?
True
Let h = -14964 + 28645. Is h a prime number?
True
Let w = 272300 - 167841. Is w a composite number?
False
Let c be 61 + 1 - ((-9 - -6) + 0). Suppose 0 = -c*y + 71*y - 7266. Is y a composite number?
True
Suppose -j = 3*v + 380, -4*j - 129 = v - 6*j. Is (28/7)/1 - v prime?
True
Let n be (-4)/(-10) - (-12)/(-30). Suppose -o + 130 + 300 = n. Suppose 3*r = 2*s - 271, 5*s - 4*r - 265 = o. Is s composite?
True
Let x(v) = 3*v - 70. Let j be x(24). Suppose -2 = -o, -u + o + j*o + 1645 = 0. Is u a composite number?
True
Is 5/2*126694356/570 composite?
False
Let s(c) = 4*c**2 + 40*c + 24. Let p be s(25). Let h = 1227 + p. Is h a composite number?
False
Let g = 14986060 + -9925047. Is g composite?
False
Let s(m) = 5*m + 50. Let t be s(-9). Suppose i - 2*x = 24583, -4*i - t*x + 61615 = -36652. Is i composite?
True
Let j = -56 - -61. Suppose 0 = j*s - 3*g - 838, 4*s - 4*g - 713 = -49. Let y = 315 - s. Is y composite?
True
Let c(i) = i**3 - 3*i**2 + i + 7. Let g be c(3). Is (47888/g)/2 + (-45)/(-75) a prime number?
False
Let v = -1972 + 4596. Suppose -2421 = -c + v. Is c composite?
True
Let b(i) = -3*i**3 - 5*i**2 - i + 9199. Suppose -5*k = 4*f + 5, 1 = 4*f - 9*f - k. Is b(f) a composite number?
False
Let z(u) = 2*u**2 - 24*u - 7. Let t = 628 - 639. Is z(t) composite?
False
Let x(b) = -208*b + 21. Let c(i) = -6 - 18 - 17 + 415*i. Let k(o) = 6*c(o) + 11*x(o). Is k(3) a prime number?
False
Suppose -3*s - 91 = -7. Let n(j) = j**2 + 26*j - 51. Let d be n(s). Suppose t - k - 845 = 0, 4*t - d*t + 2*k = -849. Is t a composite number?
True
Let y(b) = 53519*b**2 - 33*b + 237. Is y(4) a prime number?
False
Let u be (4/(-18) - 0) + (-505)/(-45). Let d(b) = 308*b + 31. Is d(u) a composite number?
True
